). Let g(t) = 6*t + 4. Let d(n) = 3*n + 2. Let q(j) = 5*d(j) - 3*g(j). Calculate q(v).
4
Let h(k) = 4*k + 8. Let b(t) = -t - 1. Let y(g) = -5*b(g) - h(g). Give y(3).
0
Let g(a) = -9*a**3 - 29*a**2 - 5*a + 10. Let i(r) = -4*r**3 - 14*r**2 - 2*r + 5. Let x(y) = 3*g(y) - 7*i(y). Calculate x(-11).
6
Let q(y) be the third derivative of y**4/24 - 5*y**3/6 + 6*y**2. Let g be q(0). Let t(m) = m**3 + 4*m**2 - 3*m + 3. What is t(g)?
-7
Let i(g) = -g**2 - 9*g + 4. Let p(c) = -c + 1. Let n(f) = i(f) - 5*p(f). What is n(-5)?
-6
Let w(z) = 6*z - 32. Let k be w(4). Let h(m) = m**2 + 9*m + 5. Determine h(k).
-3
Suppose -y = -z + 6, -y - 3*y + 2*z - 14 = 0. Let w(p) = 13*p**3 + 2*p**2 + p. Give w(y).
-12
Let q(w) = -3*w**2 - 7*w - 3. Suppose 0 = -0*j + 2*j - 6. Let h(v) = -2*v**2 - 6*v - 3. Let f(b) = j*q(b) - 4*h(b). What is f(5)?
-7
Let m = -10 + 12. Let b(j) = -j**3 - 4*j + 3. What is b(m)?
-13
Let c be 4/(-10) + (-342)/95. Let q(y) = y**2 + 4. What is q(c)?
20
Let g(q) = 19*q - 2. Let m(z) = -7*z + 1. Let s(w) = 4*g(w) + 11*m(w). What is s(6)?
-3
Let x = -65 - -62. Let d(s) = s**3 + 5*s**2 + 3*s + 2. Give d(x).
11
Suppose 26 = -4*p + 2*i, 0*i = 2*p + 4*i - 12. Let h be (-2)/4 - 22/p. Let u(y) be the second derivative of y**3/3 - 3*y**2/2 - y. Give u(h).
7
Suppose p - 3 - 2 = 0. Let v(b) = 5*b**2 + 8*b + 10. Let j(x) = -6*x**2 - 9*x - 11. Let t(o) = -6*j(o) - 7*v(o). Calculate t(p).
11
Let f(i) = 13*i**2 - 8*i**2 + i + 4 - i**3 - 2. What is f(5)?
7
Let a(z) = z**3 + z + 3. Suppose -j = 2*j + 3*j. What is a(j)?
3
Let q(k) = 7*k - 1. Let d(h) = -h - 3. Let y be (1/(-2))/(3/(-48)). Suppose -a = a + y. Let l be d(a). Determine q(l).
6
Suppose 0 = -i - 3*x + 8 + 9, -4*i + 13 = x. Let k(o) = 3*o + 0*o**i + 3*o**2 - o**3 - 4 + 3*o - 2*o. Give k(4).
-4
Suppose -5*k + 172 + 28 = 0. Suppose -2*t = -2*f - 20, 3*t + 0*t - 5*f = k. Let h(v) = v**2 - 3*v - 4. Calculate h(t).
6
Let s(h) = -h**2 - h + 1. Suppose 0 = 5*r - 10. Let b be s(r). Let d(g) = -g**2 - 4*g - 4. Give d(b).
-9
Let a(x) = -8*x - 6*x**2 + x**3 - 17*x - 7 + 30*x. What is a(5)?
-7
Let h(t) = t + 4. Let l be h(-4). Suppose 5*v = 5*d + 15, 3*v - 10 = 2*d - l. Let a(r) = -2*r**3 - r**2 + 2*r - 1. Give a(d).
-2
Let q(h) = -4*h**3 + 20*h**2 - 13*h. Let s(z) = -z**3 + 5*z**2 - 3*z. Let p(n) = -2*q(n) + 9*s(n). Let w be p(5). Let c(o) = o**2 + 6*o - 3. Calculate c(w).
-8
Let z(o) = -4*o**3 - 1 + 4*o**2 + 0 - 2*o**2. Let l be (6/4)/((-6)/(-8)). Suppose m = 3*m - l. Give z(m).
-3
Let z(s) = -s**3 + 2*s**2 - 1. Let v be ((-2)/(0 - 2))/1. What is z(v)?
0
Let k be 4 + -9*2/2. Let t(a) = -3*a - a + 5*a. Determine t(k).
-5
Let t(m) = -m**2 + 6*m - 2. Let r be (-20)/(-4) - (3 + -4). Determine t(r).
-2
Suppose 0*n + n - 3 = 0. Let s(u) = 3 + 3 - 4 + n*u. Determine s(-2).
-4
Let w = 12 + -7. Let m(k) = -k**2 + 2*k + 6. Give m(w).
-9
Let l(b) = 5*b - 12. Let j(a) = 9*a - 24. Let w(o) = -6*j(o) + 11*l(o). Suppose z - 3*c = 4, 5*z + 25 - 77 = -c. Suppose 0*q + z = -2*q. What is w(q)?
7
Let a(g) = 2*g**2 + 1. Let z be a(1). Let h(w) = 3*w - 2. Calculate h(z).
7
Let t(l) = l**3 + 14*l**2 + 13*l - 3. Let p be (6/9)/((-26)/507). Give t(p).
-3
Let g = 7 - 5. Let y = 10 - 5. Let u(d) = y - d - 3*d - 2 - 1. Calculate u(g).
-6
Suppose -z - 9 = -0. Let w = -4 - z. Let m(y) = 2*y + w*y**2 - y - 2*y. Calculate m(1).
4
Let i = -6 + 10. Let q be 0 - -2 - (-6 + 8). Let r(b) = -2*b - 6*b**3 + 3 + q*b + 4*b**2 + 5*b**3 - 1. Calculate r(i).
-6
Let u(g) = g**2 + 6*g - 1. Let r be u(-6). Let i = r + 4. Let y(t) = -9*t + t**2 + t + 2*t + i. Determine y(5).
-2
Let c be 4/6*(-9)/(-2). Let z = c - -3. Let x(m) = -3*m - z + 12 + 2*m. Determine x(0).
6
Let n(u) = -u**2 + 5*u + 4. Let o(t) = -7*t + 1. Let y be o(1). Let f = y + 11. Calculate n(f).
4
Let p be 0/(-2) - (3 - 1). Let z(n) be the second derivative of n**6/720 + n**5/30 - 5*n**4/12 - 3*n. Let l(r) be the third derivative of z(r). Calculate l(p).
2
Let s(x) = 3*x**2 - x**2 + 0*x**2 - x**3 + 4*x. Let a(q) = -2*q**3 - 21*q**2 + 12*q + 14. Let m be a(-11). What is s(m)?
3
Let v = -4 + 3. Let g(j) = -8*j**3 + 2*j**2 - 1. Determine g(v).
9
Let r(n) be the second derivative of n**4/12 - 2*n**3/3 + n**2 - 12*n. Calculate r(6).
14
Let z(c) be the third derivative of -1/10*c**5 - 3*c**2 - 7/24*c**4 - 5/6*c**3 - 1/120*c**6 + 0*c + 0. Give z(-4).
-9
Let v(z) = z**3 - 3*z**2 + 3. Suppose 0 = -m + 5*p + 3 - 0, -m + 4*p = -3. What is v(m)?
3
Let w(v) = v**3 + 14*v**2 + 14*v + 17. Let c be w(-13). Let y(r) = -r**3 + 4*r**2 + 3*r. What is y(c)?
12
Let k(j) = -j - 5*j**2 - 26 + 26 + j**3. What is k(5)?
-5
Suppose 3 = -3*o + 15. Suppose 0 = -q + o*q - 18. Let c(g) = -g**2 + 7*g + 1. What is c(q)?
7
Let r(m) = -m - m - 7 + m. Let a = 18 + -14. Suppose -2*g + 4*o = -a, 10*g = 5*g + o + 1. Give r(g).
-7
Let t(g) = 2*g + 6 + 2*g - 2*g. Suppose -2*x = 2*d - 16, -3*d - 2*x = -6*x + 4. Suppose 2*y = 3*n - 0*n + 6, d*y + 12 = 0. What is t(n)?
-2
Let m(g) = -5*g**2 + g + 1. Let h(f) = f**2. Let j be 6/(-27) - 76/(-18). Let r(y) = j*h(y) + m(y). What is r(2)?
-1
Let o(d) be the second derivative of d**3/3 + 2*d**2 + 7*d. What is o(-4)?
-4
Let j(v) = -4*v + 7*v + v + 2. Determine j(-3).
-10
Let w = -7 - -17. Let o(u) = -u**2 + 10*u + 5. Let f be o(w). Let v(p) = -p**2 + 5*p + f*p**2 - 8*p. What is v(2)?
10
Let v(o) = -2*o**2 + 3*o - 3. Let x(n) = n**2 + 2*n - 2. Let j be x(-4). Let a(p) = p**3 + 2 - j + 7*p**2 + 6. Let s be a(-7). Calculate v(s).
-5
Let p(r) be the third derivative of -r**4/2 - r**3/6 - 8*r**2. Calculate p(-1).
11
Let l(h) = -h**3 + h**2 + 4*h - 3. Let i be -1 + -1 + 1 - -3. Let s(z) = z**3 + 6*z**2 + 4*z - 5. Let t be s(-5). Let b be t/2 - (-4 + i). Calculate l(b).
1
Suppose -5*r + 21 = -2*s, 6*s - 3*s - 5*r = -19. Let z = s + -2. Let u(g) = -g + 1. Calculate u(z).
1
Let q = 10 - 10. Let f(a) = q + 4*a + 1 - 4*a + a. Determine f(0).
1
Suppose 0 = 4*l + 50 - 2. Let h be (-35)/30 + (-2)/l. Let g be (h + -1 + 2)/2. Let a(o) = o - 6. Determine a(g).
-6
Suppose -12 = 5*q + j - 3*j, 5*j - 3 = -q. Let i be (q - 1) + (4 - -1). Let l(o) = -3*o - i*o + 6*o. Determine l(-1).
-1
Let i(k) = k**3 - k**2 + k - 1. Let a be 5/((-20)/(-12)) + -1. What is i(a)?
5
Let g(n) = -6*n**2 + 5*n + 4*n**3 + 7 - 3*n**3 - 3. Determine g(5).
4
Let z be (4/4)/(1/(-9)). Let m be ((-24)/z)/(-4)*-3. Let u(g) = g**3 - 6 - 2*g**2 + 0 + 3*g**m. Calculate u(0).
-6
Let b(p) = -p**2 - 12*p + 8. Suppose 2*t = i + 11, -4*i = -3*t - t + 48. Let h be b(i). Let w(f) = -f**3 - 4*f**2 + 6*f + 7. Determine w(h).
2
Let c(x) = 4*x + 6. Let v(k) = 5*k + 7. Let u(d) = 6*c(d) - 5*v(d). Give u(-5).
6
Let r be 2*((-14)/12 - 4/(-6)). Let b(u) = -u**3 + 3*u**2 + 6*u - 5. Let d be b(4). Let h(n) = -n + d*n - n + 2*n**3 + 2*n**2. Calculate h(r).
-1
Let q be 1/5 - (-26)/(-5). Let a(j) be the second derivative of j**5/20 + 5*j**4/12 - j**3/6 - j**2/2 - j. Determine a(q).
4
Let m(q) = -1. Let z(o) = o - 8. Let k = -3 - -6. Let s(h) = k*m(h) - z(h). Determine s(6).
-1
Let a(j) = -9*j**2 - j + 6. Let x(i) = -26*i**2 - 3*i + 17. Let r(u) = 17*a(u) - 6*x(u). Let d = 26 - 27. What is r(d)?
2
Let x(m) be the third derivative of m**4/24 + m**3/3 + m**2. Suppose 2*l + 2*u + 4 = -3*l, u = 5*l - 2. Calculate x(l).
2
Let s(g) = -g**2 + 2*g - 2. Let q(p) = -p**2. Let n(y) = -2*q(y) + s(y). Determine n(2).
6
Let p(i) be the second derivative of i**5/20 + 5*i**4/12 + i**3/3 - i**2 - 11*i. Determine p(-5).
-12
Let i(s) = -4 - s + 2 - 2*s. Suppose -3*d = -d - 6. Suppose n - 5*j = d, 3*n + 0*j + 8 = -2*j. What is i(n)?
4
Let k(j) = j + 10. Suppose -4*b = 4*u + 16, 5*u - 4*b - b = 20. Determine k(u).
10
Let k(n) be the first derivative of n**6/360 + n**5/30 - n**4/4 + 7*n**3/3 - 10. Let b(g) be the third derivative of k(g). Give b(-5).
-1
Let q(d) = d**2 + 6*d + 2. Let y be q(-6). Let a(g) = -1 + 6*g**3 - 3*g**y - 7*g**3 - 1 + 4*g. Calculate a(-4).
-2
Let c(w) = w**3 + 4*w**2 - 2*w - 3. Let u = 9 + -7. Suppose 0 = -3*i + u*l - 14, 3 = -0*i - 2*i - 5*l. Determine c(i).
5
Suppose 3*s = 0, 3*j = 7*j + 4*s - 4. Let a(o) = -3*o**3 + 4*o**2 + 6*o. Let d(n) = 4*n**3 - 5*n**2 - 7*n. Let y(w) = -6*a(w) - 5*d(w). What is y(j)?
-2
Let z(f) = -f + 11. Let g be z(7). Suppose g*s - 2*s + 7 = 5*j, 4*s - 25 = -3*j. Let h(l) = l**2 - 6*l + 2. Determine h(s).
-6
Suppose -5*k + 3*d - 45 = 0, -d